value of -10 + (9 - (6 - 2))?
-5
Evaluate 0 + (-2 - (-7 + 0)).
5
Calculate -6 + 10 + -17 + 9.
-4
What is the value of 2 + -1 - 3 - -5?
3
Calculate 17 + -6 + 7 + -16.
2
(-3 - -4) + 2 - -2
5
What is 5 + -5 - (1 - 8)?
7
-3 + 1 + (-11 - -12)
-1
-6 + 3 + 5 - 5
-3
What is the value of 4 - (1 - (-2 + -1 + -2))?
-2
Evaluate (1 - 6) + (31 - 31).
-5
Calculate -5 + 3 + (-2 - -3).
-1
What is 5 + 8 + -13 - 3?
-3
Evaluate 3 + 13 + -5 + -8.
3
Evaluate (2 - -2) + -7 + 0.
-3
What is the value of 0 - 0 - (36 + -40)?
4
Calculate 2 + 1 + (17 - 18 - -8).
10
-3 - (-6 + 18 - 10)
-5
Evaluate -11 - (-3 - 5 - 2).
-1
Evaluate 3 + 5 + (-18 - (11 - 13)).
-8
What is the value of -4 + 7 - 0 - 1?
2
What is -1 - (-14 + 6 + 3)?
4
What is the value of 3 - 2 - (2 - -1) - 2?
-4
Calculate (-2 - -3) + (-4 - -3) + -8.
-8
Calculate (2 - 0) + 2 + -9.
-5
Calculate (0 - -2 - 9) + (-27 - -31).
-3
Calculate -15 + (4 - -3 - (-12 + 13)).
-9
Evaluate -6 + -7 + 1 + 3 + 3.
-6
9 - (5 - -1) - (0 + 3)
0
2 + (1 - 3) + -4
-4
What is the value of -3 + -1 + (0 - -1) + 4?
1
Evaluate (66 - 68) + (5 - 0).
3
Calculate (0 - 4) + (4 - 0) + -2.
-2
What is 2 - (-7 + 1 + 9)?
-1
What is -2 + (3 - 0 - (-2 + 3))?
0
-3 + 1 + -4 + 2 + 2
-2
(-4 - (-2 + 2 + -5)) + 3
4
What is -17 + 18 + (0 - (-2 - 0))?
3
4 + (9 - 13 - (-2 - 3))
5
What is the value of -1 + 0 + -4 + 3?
-2
Calculate 0 + (-1 - -1) - (21 + -25).
4
What is -3 - (-11 + 2 + -6 + 9)?
3
Calculate -18 + 23 + -1 + -1.
3
-5 + (-4 + 4 - 0)
-5
Evaluate -94 + 101 + (0 - 12).
-5
What is -4 + 4 + -3 + -3 + 1?
-5
What is the value of -1 - (4 - 8) - (5 + -1)?
-1
Calculate -3 + (5 + 1 - 3).
0
What is the value of 3 - (-2 + -4) - (1 - -2)?
6
Evaluate -3 + 3 + 0 + -4 + 0.
-4
Evaluate 106 - 102 - (1 - 1).
4
Calculate -1 - (0 + 0 + -5 + 0).
4
Evaluate 15 + -15 + (-1 - (-3 - -6)).
-4
What is 4 + (5 - 1 - 5)?
3
Calculate 5 + (3 - (12 + -6)) + 0.
2
8 - (0 + (-11 - -15))
4
Calculate (7 - 4) + (5 - 4).
4
(-2 + -1 - 3) + 1 - -2
-3
What is (4 - 2 - (21 - 7)) + 7?
-5
What is -15 + 14 - (-1 + 3 - 2)?
-1
Calculate -3 + (-5 - -3) + 6.
1
What is -2 - (-1 + 2 + -3)?
0
What is -1 - 2 - (-2 + 6 + 1)?
-8
Calculate -6 - (-12 + 5 - -2).
-1
Calculate -1 - (-7 + 15 - 3).
-6
Evaluate -4 - (-8 + (4 - 6) + 2).
4
Calculate -3 + 1 - -6 - 6.
-2
Calculate 1 - (2 + 0 + -1).
0
0 + (4 - 3) + 4
5
What is the value of (-1 - 2) + (-18 - -23)?
2
What is the value of -7 - -3 - -7 - (0 - 5)?
8
Calculate (1 + 1 - 3) + 6.
5
Evaluate 7 - (0 + -10 + 10).
7
What is 44 - 47 - (1 + 2)?
-6
Evaluate (10 - 7) + (-10 - -2).
-5
What is the value of -2 + 1 + (-4 - 0) + 1?
-4
What is 23 + -30 + (3 - -10) + -2?
4
Evaluate 3 + 8 + (10 - 28).
-7
6 + -1 + 11 + -12
4
4 + -8 + 1 + 7
4
Calculate 0 - 4 - (0 + 3 - 2).
-5
Evaluate 15 + -17 + 2 + 1.
1
Calculate 2 - 7 - 1 - -9.
3
What is the value of (4 + (-2 - -7) - 0) + -2?
7
Evaluate -10 + (8 - 2) + (-3 - -5).
-2
-3 + (-5 - -12) + 1 + -1
4
Calculate 3 + (-1 - -1) - (-19 - -17).
5
What is the value of -1 - -7 - ((-12 - -2) + 15)?
1
What is the value of (3 - 3 - 0) + -3?
-3
2 + 2 + 4 + (-5 - -2)
5
What is the value of -6 - (-10 + 4) - 4?
-4
15 + -8 - (0 - -4)
3
What is -3 + ((-2 - -5) + -2 - 0)?
-2
Evaluate -3 - (0 - -3 - (0 - -3)).
-3
(7 - (-1 + 3)) + -5 + 3
3
What is -2 - (-4 + (3 - 2 - -1))?
0
Calculate -1 + -16 + 15 - (-1 + 1).
-2
What is -14 + (-8 - -15) - -4?
-3
What is 67 - 70 - (5 + -1)?
-7
What is -7 + (1 - -6 - 5)?
-5
-3 - -11 - 15 - -4
-3
Evaluate (4 - 3 - 6) + (-3 - -3).
-5
0 - 1 - (-2 - -4)
-3
Calculate 7 - (0 - -1) - (8 - 4).
2
Evaluate 8 + -11 - (-1 + 2 + 0).
-4
Evaluate -6 + (-6 - (5 + -5)) + 9.
-3
Calculate (1 - -3) + (-6 + -1 - -6).
3
What is 1 - (7 + (-12 - (-2 + 4)))?
8
What is the value of -3 - (2 - (-1 - -4))?
-2
What is 4 + (6 - (6 - -5) - -3)?
2
-1 + -4 + 7 - -1
3
Evaluate (-1 - -5) + (-2 - -1) + -1.
2
2 - (0 + (-6 - -6))
2
What is the value of 10 - 11 - (2 - 2)?
-1
What is (-2 - -3 - (-1 + 6)) + 1?
-3
Calculate (-1 - 1) + -2 + 2 + 8.
6
Calculate -45 + 45 + (1 - -5).
6
5 + 0 + -7 + (4 - 0)
2
What is the value of 1 + -1 - (-19 - -20) - 5?
-6
What is 1 + -4 - (2 + 1 + -1)?
-5
Calculate -9 - (0 - (-2 - -5)) - -9.
3
Calculate -18 + 11 + (0 - 0 - 1).
-8
What is the value of 14 + (6 - 11) - 13?
-4
What is the value of (-1 - (4 - 1)) + 5?
1
What is 6 + (10 - (-5 - -22))?
-1
Evaluate -3 + (5 - (-3 - -8)).
-3
1 + -1 - (-44 + 45)
-1
What is the value of -3 - (-2 + -6 + (9 - 1))?
-3
What is 7 - (-8 - -9 - -7)?
-1
Evaluate 5 - (4 - (-3 + (6 - 2))).
2
Evaluate 1 - (3 + 8 + -1).
-9
0 + (1 - -1 - (5 + -5))
2
What is 2 - -6 - (5 + (-9 - -6))?
6
What is -1 + (6 - 5) + -5?
-5
What is the value of 3 + (1 - 0 - 3 - 3)?
-2
Evaluate (-2 - 1) + (7 - 4).
0
Calculate -3 + -3 + 2 + 2 + 0.
-2
Evaluate 13 - (-2 + 8 + 1).
6
What is the value of (2 - 6) + -3 + 2?
-5
Evaluate (1 - -3 - (9 - 7)) + -2.
0
What is the value of (-24 - -12) + (2 - -9)?
-1
What is the value of 5 + -2 + -3 + 2?
2
Evaluate (2 + 1 - -3) + 2 + -4.
4
Evaluate (20 - (3 - -8)) + -3.
6
-12 - 2 - (-28 + 14)
0
(5 - (18 + -9)) + 4
0
What is (-2 - 0) + -1 + 3 + -5?
-5
Calculate 5 + 0 + (-9 - -4 - 5).
-5
7 + 5 + -11 - -1
2
What is -4 + -2 - (-3 + -5)?
2
9 + (5 + 4 - 14)
4
Calculate 5 + (0 - 6) - (2 - -1).
-4
Evaluate (-6 - -4) + 2 + -2.
-2
Evaluate 1 + (-13 + 16 - (-2 + 6)).
0
Calculate 10 + -6 - 2 - 2.
0
Calculate -3 + (-5 - -6) - -7.
5
-17 + 14 + (-2 - 1)
-6
Calculate (-10 + 2 - (8 - 12)) + 5.
1
Evaluate (0 - -16) + 10 + -20.
6
What is the value of 5 - 8 - (-17 - -3 - -3)?
8
Calculate 8 - (8 - (2 + 3 + -2)).
3
Evaluate -1 - 2 - -5 - (1 + 0).
1
2 + -12 + (23 - 17)
-4
Evaluate 7 + -9 - (-10 + 3).
5
Evaluate -4 - (-2 + (-4 - -3)).
-1
-9 + (7 + -2 - 1)
-5
4 + -1 - 7 - -3
-1
Calculate 4 - (0 + 0 + (14 - 10)).
0
What is the value of (4 - 3) + -4 - (0 + 0)?
-3
Evaluate (-1 - (-1 + -4 + 0)) + 3.
7
What is -7 - (-8 - -7) - -12?
6
What is the value of 0 - (4 + 1) - (49 - 50)?
-4
What is the value of 2 - -2 - (41 - 31)?
-6
-5 + (10 - 5) + -6 + 4
-2
Calculate 7 + (-5 - -3) + -4.
1
What is the value of (3 - -1) + -1 - (56 - 55)?
2
-2 + (-6 - 1 - -3)
-6
What is 15 + -13 + 7 - 9?
0
Calculate 0 - (0 - -1) - (-4 - -7).
-4
Evaluate -14 + 4 + 17 + 2.
9
Evaluate 0 + -4 + 2 + -14 + 15.
-1
Evaluate 7 + -11 + 6 + 1.
3
5 + 7 - 11 - 4
-3
What is the value of -8 + 1 - (13 + -25)?
5
Calculate (1 - (4 - 1)) + 5 + -7.
-4
What is (1 - (5 + -1)) + 4 - 6?
-5
Evaluate 0 + -4 - 2 - (-1 + 0).
-5
What is the value of 7 + (-1 - -1) + (42 - 45)?
4
What is the value of (-5 - -7) + -3 + -3 - -4?
0
(-5 - -5) + 4 + 1
5
(-1 + -1 - -8) + -1
5
What is (10 - (-1 + 2)) + -16?
-7
Calculate (15 - 24) + (1 - -7).
-1
Evaluate -4 + (0 - 1) + 3.
-2
Evaluate -2 + (-2 - (-2 + (-2 - -3))).
-3
(3 - 7) + 1 - -2
-1
(-3 - (-2 + 2 - 1)) + -1
-3
Calculate -13 + (-4 - -5) + 7.
-5
What is -6 - (-25 + 8 - -7)?
4
What is 8 - (3 + 3 + -2)?
4
What is the value of 3 + 2 - (-11 + 8) - 2?
6
What is the value of -2 - (-2 + 0 + -1)?
1
What is the value of (1 - 6) + -14 + (21 - 1)?
1
-2 - (5 + -8 - 1)
2
What is 1 + (-5 + (4 - 0) - -5)?
5
What is the value of (-1 - 1) + (-13 - (-8 + -7))?
0
Evaluate (3 - (0 + 3)) + 4.
4
What is (-7 - (-19 + 4 + 2)) + -8?
-2
Calculate -58 + 45 + -2 + 13.
-2
Evaluate -10 + (-4 - -9) - (-1 + -6).
2
What is the value of (-2 - -3) + 3 + 1 + -13?
-8
Evaluate (3 - 1) + 5 + 0 + -2.
5
Calculate 2 - (-2 + (-3 - -6) + 1).
0
Evaluate -10 + (-4 - (-12 + -11)).
9
9 + (3 - (19 - 10))
3
4 - (5 - 0) - -5
4
What is the value of -1 - ((-3 - -1) + 7) - -3?
-3
Calculate -15 - -12 - -9 - 4.
2
What is (-6 + -5 - -2) + 4?
-5
What is the value of 1 + 5 - (-13 + 16)?
3
Evaluate 2 - 0 - (5 + (0 - 0)).
-3
Calculate (0 - (2 + 0)) + 0 + 3.
1
Calculate 1 + -3 + -79 + 96 - 8.
7
Calculate 3 + -2 + 1 + -4.
-2
-1 - (-4 + 4 + 1)
-2
-2 - (0 - (-5 + (-4 - -9)))
-2
What is the value of -12 + 3 + (7 - 1 - 1)?
-4
Evaluate -2 + (-1 - (-10 + 5)).
2
What is -3 + -1 + -2 + 3?
-3
Calculate 12 - (-5 + 5 + 13).
-1
Evaluate 11 + 0 - (11 - (-12 - -20)).
8
Evaluate -22 + 11 + -1 + 17.
5
Calculate -2 - -1 - (1 - (0 + 5)).
3
What is -2 - (0 + -6 + 3)?
1
Calculate (5 - 3) + -1 - 7 - -1.
-5
What is the value of 3 - (-12 + 7 - 6 - -7)?
7
What is -40 - -54 - (-1 + 6)?
9
What is -1 - (-4 + (1 + -4 - -4))?
2
What is (1 - (0 + 1)) + 3?
3
24 - 33 - (-7 - 4)
2
What is the value of (-3 - -11) + (4 - 12)?
0
Calculate -1 - 